the highest common divisor of 46 and 621?
23
Calculate the highest common factor of 14456 and 156.
52
What is the greatest common factor of 43 and 109263?
43
What is the greatest common divisor of 11840 and 200?
40
Calculate the greatest common divisor of 30 and 974590.
10
Calculate the greatest common factor of 44 and 58652.
44
What is the highest common divisor of 98 and 3577?
49
What is the highest common divisor of 35100 and 54540?
540
Calculate the greatest common divisor of 1881 and 16720.
209
What is the highest common factor of 575390 and 706?
706
Calculate the highest common factor of 141648 and 18.
6
What is the greatest common factor of 651 and 3003?
21
What is the highest common factor of 1586 and 34282?
122
Calculate the highest common divisor of 138 and 1230.
6
What is the greatest common divisor of 113584 and 1374?
458
Calculate the highest common divisor of 4248 and 17.
1
Calculate the highest common factor of 770 and 88.
22
Calculate the greatest common divisor of 567 and 4767.
21
Calculate the greatest common factor of 4 and 907646.
2
What is the greatest common divisor of 125 and 37650?
25
Calculate the highest common divisor of 351323 and 124.
31
Calculate the greatest common divisor of 404 and 1295628.
404
Calculate the greatest common factor of 239400 and 18200.
1400
What is the highest common factor of 5767323 and 141?
141
What is the highest common factor of 83485 and 1180?
295
What is the greatest common factor of 9175 and 10?
5
What is the highest common divisor of 576 and 543024?
144
What is the highest common factor of 216 and 3051?
27
Calculate the highest common factor of 82341 and 189.
63
What is the greatest common factor of 489 and 63407?
163
What is the greatest common factor of 3477 and 140727?
183
Calculate the greatest common factor of 88794 and 108.
18
Calculate the greatest common factor of 4 and 3138.
2
What is the greatest common divisor of 28125 and 85625?
625
Calculate the greatest common factor of 30 and 17450.
10
Calculate the greatest common factor of 21 and 73353.
21
What is the highest common factor of 693 and 1197?
63
Calculate the greatest common factor of 20 and 1493770.
10
Calculate the greatest common divisor of 6399 and 3713.
79
Calculate the greatest common divisor of 648 and 9992.
8
Calculate the greatest common factor of 102 and 60537.
51
Calculate the highest common factor of 2125 and 544.
17
Calculate the highest common divisor of 187 and 79475.
187
Calculate the highest common divisor of 136 and 8908.
68
What is the highest common divisor of 589 and 48203?
19
Calculate the highest common factor of 405856 and 616.
88
Calculate the greatest common factor of 124412 and 152.
76
What is the greatest common factor of 28378 and 224?
14
Calculate the greatest common divisor of 9 and 106551.
9
What is the greatest common factor of 552 and 2001?
69
What is the highest common divisor of 632 and 2216?
8
Calculate the highest common factor of 217512 and 3996.
108
Calculate the greatest common factor of 1477 and 175.
7
What is the greatest common divisor of 5688 and 8622?
18
What is the highest common factor of 47684 and 728?
364
Calculate the greatest common factor of 415367 and 261.
29
Calculate the greatest common factor of 1595997 and 108.
27
Calculate the highest common factor of 13960 and 110.
10
Calculate the highest common factor of 126120 and 1080.
120
Calculate the highest common factor of 633 and 9917.
211
Calculate the greatest common factor of 665 and 1767.
19
What is the highest common factor of 308 and 401896?
44
What is the greatest common divisor of 834827 and 1996?
499
What is the highest common factor of 205548 and 1533?
21
What is the highest common factor of 4371111 and 1746?
873
What is the highest common factor of 24780 and 4515?
105
Calculate the highest common factor of 352 and 3296.
32
Calculate the greatest common factor of 6470 and 603004.
1294
What is the greatest common factor of 195415 and 190?
95
Calculate the highest common divisor of 490 and 1470.
490
Calculate the highest common divisor of 1 and 304883.
1
What is the highest common factor of 52760 and 20?
20
What is the greatest common divisor of 627 and 10439?
11
What is the highest common factor of 1168118 and 28?
14
What is the greatest common divisor of 17654 and 99813?
679
What is the highest common factor of 23858 and 21442?
302
Calculate the highest common divisor of 149847 and 2259.
753
What is the greatest common factor of 48 and 46212?
12
Calculate the highest common factor of 6640 and 880.
80
What is the highest common factor of 28 and 2429?
7
What is the highest common factor of 185 and 17555?
5
What is the highest common divisor of 176154 and 2512?
314
Calculate the highest common factor of 3906 and 507346.
434
What is the greatest common factor of 19071706 and 3002?
3002
Calculate the greatest common factor of 4816 and 14276.
172
Calculate the greatest common factor of 987875 and 625.
125
Calculate the greatest common divisor of 1833445 and 805.
115
What is the highest common factor of 421587 and 29319?
1011
Calculate the highest common divisor of 120335 and 615.
205
Calculate the highest common factor of 1159 and 3195363.
1159
Calculate the highest common divisor of 19779 and 2375.
19
Calculate the greatest common divisor of 20 and 30790.
10
Calculate the highest common divisor of 76395 and 33000.
165
What is the highest common divisor of 16 and 1716488?
8
What is the highest common divisor of 260760 and 123?
123
Calculate the highest common divisor of 546 and 276.
6
What is the greatest common factor of 512 and 209536?
128
What is the greatest common factor of 799 and 373039?
47
What is the highest common divisor of 616 and 2728?
88
Calculate the highest common factor of 354 and 2034.
6
Calculate the greatest common divisor of 56305 and 5.
5
What is the greatest common factor of 3632 and 5700?
4
What is the highest common divisor of 33538 and 7790?
82
What is the highest common factor of 18684 and 1222245?
1557
Calculate the highest common factor of 782 and 5270.
34
Calculate the greatest common factor of 221 and 1514377.
17
What is the greatest common divisor of 33 and 1827221?
11
Calculate the highest common divisor of 12593 and 40349.
257
Calculate the highest common divisor of 1135 and 4225.
5
What is the highest common divisor of 1990 and 3290?
10
Calculate the greatest common factor of 2839 and 357.
17
What is the highest common factor of 120 and 1260420?
60
Calculate the greatest common divisor of 1404 and 32748.
12
Calculate the highest common factor of 11908 and 1924.
52
What is the greatest common divisor of 365 and 27?
1
Calculate the highest common divisor of 38591 and 1813.
259
Calculate the greatest common factor of 97 and 697624.
97
What is the greatest common divisor of 7000 and 3150?
350
Calculate the highest common factor of 279 and 4105485.
279
What is the greatest common factor of 795869 and 391?
23
What is the greatest common divisor of 2522 and 416?
26
Calculate the greatest common factor of 34032 and 336.
48
Calculate the greatest common divisor of 54824 and 3927.
77
Calculate the highest common divisor of 12 and 4393830.
6
Calculate the highest common factor of 14 and 1126.
2
What is the highest common factor of 149375 and 425?
25
What is the highest common factor of 3 and 6339?
3
Calculate the highest common factor of 865130 and 65.
5
Calculate the highest common divisor of 2190 and 84.
6
Calculate the highest common divisor of 1125 and 675125.
125
Calculate the greatest common divisor of 72048 and 11856.
912
Calculate the highest common divisor of 20 and 42610.
10
What is the highest common divisor of 513 and 1350?
27
What is the greatest common factor of 6512 and 72853?
407
What is the highest common divisor of 231 and 19569?
33
What is the highest common factor of 346500 and 609?
21
What is the highest common divisor of 1245 and 417?
3
Calculate the highest common factor of 4305 and 2145.
15
What is the greatest common factor of 17210 and 190?
10
Calculate the greatest common divisor of 3627 and 2201.
31
What is the greatest common factor of 704 and 2692?
4
Calculate the greatest common factor of 22119 and 1.
1
Calculate the greatest common factor of 826 and 994.
14